nder when 20215484 is divided by 1500.
1484
What is the remainder when 12410 is divided by 4092?
134
What is the remainder when 9435916 is divided by 410257?
5
What is the remainder when 19928082 is divided by 148717?
4
What is the remainder when 226433 is divided by 1770?
1643
Calculate the remainder when 709450 is divided by 88585.
770
What is the remainder when 83673 is divided by 603?
459
What is the remainder when 112135644 is divided by 33?
27
What is the remainder when 1331539 is divided by 266296?
59
What is the remainder when 1340106 is divided by 670004?
98
Calculate the remainder when 69924613 is divided by 13984912.
53
Calculate the remainder when 787390239 is divided by 9886.
9883
What is the remainder when 57020926 is divided by 192?
190
What is the remainder when 104147 is divided by 2237?
1245
What is the remainder when 2504843 is divided by 413?
411
What is the remainder when 225747 is divided by 31?
5
What is the remainder when 238334 is divided by 17927?
5283
Calculate the remainder when 177196 is divided by 498.
406
Calculate the remainder when 1534528 is divided by 80685.
1513
Calculate the remainder when 147960 is divided by 363.
219
Calculate the remainder when 35170 is divided by 591.
301
Calculate the remainder when 758595 is divided by 1756.
3
Calculate the remainder when 23367063 is divided by 3338150.
13
What is the remainder when 18473856 is divided by 2052644?
60
What is the remainder when 15458 is divided by 7668?
122
Calculate the remainder when 2592 is divided by 154.
128
What is the remainder when 10736015 is divided by 41?
1
What is the remainder when 69531 is divided by 1159?
1150
Calculate the remainder when 87003445 is divided by 6692572.
9
Calculate the remainder when 674941 is divided by 50.
41
Calculate the remainder when 79732041 is divided by 75.
66
Calculate the remainder when 492996 is divided by 492983.
13
Calculate the remainder when 87331 is divided by 59.
11
What is the remainder when 1031080 is divided by 11330?
50
Calculate the remainder when 768094 is divided by 1441.
41
What is the remainder when 2833535 is divided by 2018?
263
What is the remainder when 2458879 is divided by 273202?
61
What is the remainder when 126096461 is divided by 11?
7
What is the remainder when 129318 is divided by 677?
11
What is the remainder when 53531687 is divided by 56468?
23
Calculate the remainder when 11102442 is divided by 3155.
3152
What is the remainder when 6137364 is divided by 138?
90
What is the remainder when 431796 is divided by 377?
131
What is the remainder when 9683110 is divided by 1021?
967
Calculate the remainder when 360748 is divided by 73.
55
Calculate the remainder when 14094168 is divided by 244.
240
What is the remainder when 15945437 is divided by 2657564?
53
Calculate the remainder when 24138954 is divided by 52.
34
Calculate the remainder when 9711813 is divided by 935.
903
What is the remainder when 584357 is divided by 109?
8
Calculate the remainder when 1950518 is divided by 172.
38
Calculate the remainder when 3393202 is divided by 160.
82
What is the remainder when 70593309 is divided by 4337?
4297
What is the remainder when 15097765 is divided by 283?
281
What is the remainder when 2983561 is divided by 142073?
28
Calculate the remainder when 28378630 is divided by 143.
137
Calculate the remainder when 950172 is divided by 1776.
12
What is the remainder when 256061 is divided by 2977?
39
Calculate the remainder when 388972 is divided by 322.
318
Calculate the remainder when 2380394 is divided by 37.
36
Calculate the remainder when 255574 is divided by 255156.
418
What is the remainder when 256029 is divided by 23275?
4
Calculate the remainder when 1923956 is divided by 120.
116
What is the remainder when 10281502 is divided by 1468782?
28
Calculate the remainder when 58073 is divided by 258.
23
What is the remainder when 1924750 is divided by 6614?
76
What is the remainder when 251264 is divided by 720?
704
What is the remainder when 2244687 is divided by 25221?
18
What is the remainder when 747491 is divided by 43958?
205
Calculate the remainder when 71957 is divided by 6095.
4912
Calculate the remainder when 1733295 is divided by 4.
3
What is the remainder when 307683 is divided by 59?
57
What is the remainder when 1676432 is divided by 50?
32
What is the remainder when 164136 is divided by 41010?
96
Calculate the remainder when 57999470 is divided by 1655.
1650
Calculate the remainder when 3168117 is divided by 253.
51
What is the remainder when 788279 is divided by 98534?
7
Calculate the remainder when 2284202 is divided by 2298.
2288
What is the remainder when 11561484 is divided by 116?
112
Calculate the remainder when 48563784 is divided by 2506.
10
What is the remainder when 2284403 is divided by 6945?
6443
What is the remainder when 421707 is divided by 1628?
55
Calculate the remainder when 3456898 is divided by 690.
688
What is the remainder when 128841 is divided by 128764?
77
Calculate the remainder when 3852066 is divided by 1925849.
368
What is the remainder when 392766173 is divided by 608?
605
What is the remainder when 177999022 is divided by 184?
182
Calculate the remainder when 15951733 is divided by 5056.
53
What is the remainder when 11099396 is divided by 1849897?
14
What is the remainder when 21111245 is divided by 18?
17
What is the remainder when 29062899 is divided by 3996?
3987
Calculate the remainder when 9442491 is divided by 46.
25
Calculate the remainder when 196238 is divided by 49044.
62
Calculate the remainder when 847091 is divided by 423262.
567
Calculate the remainder when 25244223 is divided by 116.
71
What is the remainder when 459996 is divided by 11487?
516
Calculate the remainder when 436433 is divided by 12454.
543
Calculate the remainder when 99641 is divided by 47826.
3989
Calculate the remainder when 33229799 is divided by 120.
119
Calculate the remainder when 1619570 is divided by 587.
37
What is the remainder when 250481 is divided by 50074?
111
What is the remainder when 14105780 is divided by 476?
472
What is the remainder when 9061308 is divided by 245?
228
What is the remainder when 62083 is divided by 2385?
73
What is the remainder when 372270 is divided by 950?
820
What is the remainder when 14192827 is divided by 496?
283
Calculate the remainder when 975392 is divided by 194888.
952
Calculate the remainder when 15557 is divided by 2981.
652
Calculate the remainder when 825066 is divided by 220.
66
What is the remainder when 993999 is divided by 6091?
1166
What is the remainder when 89214 is divided by 17754?
444
Calculate the remainder when 20432097 is divided by 620.
617
Calculate the remainder when 20951599 is divided by 11.
9
What is the remainder when 106290 is divided by 4620?
30
Calculate the remainder when 32768 is divided by 1405.
453
Calculate the remainder when 6596413 is divided by 1461.
1459
Calculate the remainder when 8430983 is divided by 3166.
3091
Calculate the remainder when 261933 is divided by 4852.
4777
What is the remainder when 11864158 is divided by 11?
9
Calculate the remainder when 49511676 is divided by 16.
12
What is the remainder when 20136369 is divided by 20802?
33
What is the remainder when 517426 is divided by 4144?
3570
What is the remainder when 1284924 is divided by 428196?
336
Calculate the remainder when 243034 is divided by 325.
259
Calculate the remainder when 57745394 is divided by 4014.
4004
What is the remainder when 225598202 is divided by 7589?
7588
What is the remainder when 71838471 is divided by 408173?
23
Calculate the remainder when 3601131 is divided by 3375.
6
Calculate the remainder when 2020668 is divided by 404127.
33
Calculate the remainder when 400449 is divided by 9517.
735
What is the remainder when 184719 is divided by 646?
609
What is the remainder when 330395 is divided by 330300?
95
Calculate the remainder when 790633 is divided by 1387.
43
What is the remainder when 25280371 is divided by 15820?
11
What is the remainder when 239901 is divided by 5355?
4281
What is the remainder when 1291418 is divided by 105?
23
What is the remainder when 165986 is divided by 48?
2
Calculate the remainder when 331523 is divided by 20720.
3
What is the remainder when 8032288